s of l.
3
Let d be 3 + 0 + -2 - -7. Let z(l) = l**2 - 8*l. Let a be z(d). Suppose 0 = 2*o - a - 18. What are the prime factors of o?
3
List the prime factors of -5*2/((-2)/25).
5
Let h be (-4 + 2 + -83)/(-1). Suppose -3*k + b + 0*b + h = 0, -2*k + 2*b = -50. What are the prime factors of k?
2, 3, 5
Suppose -2*z + 31 = -19. What are the prime factors of z?
5
Let v = 6 - 0. Let b(j) = j**3 - 7*j**2 + 8*j - 9. Let z be b(v). Suppose z*g + 9 - 24 = 0. What are the prime factors of g?
5
Let c be 3/3 + -5 + 0. Let j = 9 + c. Suppose -5*g = s - 35, 3*g + g = -j*s + 49. What are the prime factors of g?
2, 3
Suppose -138 - 50 = -4*i. What are the prime factors of i?
47
List the prime factors of -24*1*35/(-10).
2, 3, 7
Let y be 24/(-4) - (0 + -4). List the prime factors of 61 - 4 - y/(-2).
2, 7
Suppose 2*t - 42 + 10 = 0. List the prime factors of t.
2
Suppose 4 + 0 = 2*r. Suppose -r*g + 21 = g. What are the prime factors of g?
7
Let m be (-222)/8 + 5/(-20). Let z = m - -54. What are the prime factors of z?
2, 13
Let m = -442 - -755. What are the prime factors of m?
313
Let h be 1 + (-2*1 - -3). Suppose 0 = -h*c + 5*a - 136, -2 = -3*a + 4. List the prime factors of c/(-5) + 8/20.
13
What are the prime factors of (-3)/(-1) - (2 - 1)?
2
Let g be (-3)/(((-29)/(-8) - 2) + -2). Let h(f) = -16 + 3*f - f + 6. List the prime factors of h(g).
2, 3
Let p be -4 + 1 + 17 + -8. What are the prime factors of (8/p)/(4/84)?
2, 7
Suppose -n + 0*n = 2. Suppose 5*i = 4*i + 1. List the prime factors of (0 + i)*n + 9.
7
Let f be 2/(-5) - 834/(-10). Let b = -42 + f. List the prime factors of b.
41
Let a be (-9)/(-4) + (-3)/12. Suppose -4*v = 2*g + g + 17, 0 = a*g - 2*v - 12. Suppose g - 22 = -3*n. What are the prime factors of n?
7
Suppose 0*k - 21 = -3*k + 4*h, 0 = -2*k - 2*h. Suppose 3*x = k*c + 42, 0 = 3*x - 0*c + 5*c - 58. What are the prime factors of (-1 + x - -3) + -3?
3, 5
Let h(x) = x**2 + 14*x + 13. Let w be h(-13). Suppose w = -4*m + m + 36. List the prime factors of m.
2, 3
Let d = 19 + -3. What are the prime factors of d?
2
Suppose -7*d = -10*d + 990. What are the prime factors of d?
2, 3, 5, 11
Let m = -11 + 16. Suppose -2*q - 10 = -m*o + 2*o, 3*q = -o - 15. Let b = 6 - q. What are the prime factors of b?
11
Suppose -3*d - 4 = -4*d. Let o = 27 - d. List the prime factors of o.
23
Let m(s) = -2*s**3 + 19*s**2 + 22*s - 19. List the prime factors of m(9).
2, 5, 13
Let j = -6 - -4. Let s(n) = n + 2. Let p be s(j). Suppose 7 = a - p. What are the prime factors of a?
7
Suppose -4*h - 168 = -2*i, 4*i - 2*h = h + 336. What are the prime factors of i?
2, 3, 7
Let w be 63/(-6) - (-1)/2. Let p(u) = 9*u + 3. Let o be p(6). List the prime factors of 4/w - o/(-5).
11
Suppose 2*b - 11 = -s, s + 10 = 4*b + b. Suppose g - b - 4 = 0. What are the prime factors of g?
7
Let p = -159 + 310. What are the prime factors of p?
151
Suppose -7*h + 430 = -312. List the prime factors of h.
2, 53
Suppose -i + 6*i - 55 = -5*b, -5*i = 4*b - 50. Suppose y - i = -2. Suppose 5*w - 10 = 0, -y*a + 2*w = -w - 50. List the prime factors of a.
2, 7
Let s be 2/(-1) + 5/1. Let l = 9 - 8. List the prime factors of (-12)/(-9)*l*s.
2
Let o be -1 - -4 - (24 + -3). Let v = o + 13. Let n(b) = 2*b**2 + 6*b - 1. List the prime factors of n(v).
19
Let k = 7 + -4. Let d be 36/(-10)*10/(-4). Suppose -2*y = l - 13, -d = k*y - 5*l - 35. List the prime factors of y.
7
Suppose n = 3*n - 12. Suppose 5*v + 21 = n*v. List the prime factors of v.
3, 7
Let d = 56 - -33. What are the prime factors of d?
89
Let k be 15/(-7) + (-3)/(-21). List the prime factors of (k - -11) + 2 + -1.
2, 5
Let c(j) = j**3 - 5*j + 3. Suppose 3*r = -19 + 4. Let y(h) = h**3 - h**2 - 4*h + 3. Let b(i) = r*c(i) + 6*y(i). List the prime factors of b(6).
3
Let y be (4/12)/(2/318). Suppose 4*c - y = -1. What are the prime factors of c?
13
Let y(z) = -z**2 - 7*z - z**2 + z**2. Let d be y(-6). Suppose j = -2*j + d. What are the prime factors of j?
2
Let g(w) be the second derivative of w**4/6 + 7*w**3/6 + 3*w**2 - 4*w. What are the prime factors of g(-5)?
3, 7
Suppose -y - 4*p = y - 18, -4*y + 3*p = -3. Suppose -y*b + 42 = -9. List the prime factors of b.
17
Let y = -6 - -8. Suppose y*k = 5*j - 17, 0 = -2*j + 3*j - k - 4. Suppose -j*n - 45 = -6*n. List the prime factors of n.
3, 5
Let t(x) = 4*x**3 + x**2 - 1. List the prime factors of t(1).
2
Suppose 0 = 3*c - 3 - 3. Suppose 5*p - 1 = c*x, 2*x + 3 = x + 5*p. Let t = x - -2. What are the prime factors of t?
2
Let c be (3/2)/((-7)/(-14)). What are the prime factors of (-4)/(c + -4) - -1?
5
Suppose -3*m + 65 = -106. What are the prime factors of m?
3, 19
Let h(u) = -u**3 + 4*u**2 + 4. Let v be h(4). Suppose -34 = -2*y + 2*o, v*y - o - 74 = -0*o. What are the prime factors of y?
19
Let u(r) be the second derivative of -r**3/6 + r**2/2 - r. Let n be u(1). Suppose 4*x = -2*k - x + 13, n = 4*k - 4*x - 12. What are the prime factors of k?
2
Suppose -5*u - 5 = 0, 2*u = -b + 4*b + 16. Let w(g) = -g**3 - 6*g**2 - 6*g - 11. List the prime factors of w(b).
5
Let w be (-16)/(-6) - (-3)/9. Suppose -4*q + w = -9. Suppose -6*y + 2*y + 5*p + 6 = 0, 0 = q*y + p - 14. What are the prime factors of y?
2
Suppose 3*o = 5*o. Let z be (0 + o)*-1 + 0. What are the prime factors of (z - (-2 + 0)) + 14?
2
Let z be -3 - (4 + -2 - 5). Suppose z = -3*l - l + 20. List the prime factors of l.
5
Suppose -4*f = 2*z - z - 100, 0 = -2*f + 4. List the prime factors of z.
2, 23
List the prime factors of 7/(3 - 5/2).
2, 7
Let o(t) = -109*t + 21. What are the prime factors of o(-2)?
239
Suppose -262 = -7*h + 270. List the prime factors of h.
2, 19
Let m be -12*(-2)/(-6)*-1. Suppose v + 39 = m*v. List the prime factors of v.
13
Suppose -3*x + 4*x + 30 = -3*u, -5*u + 2*x = 61. Let g = u + 17. What are the prime factors of g?
2, 3
Suppose 5*w = -10 + 30. Suppose 5*d = 2*v + 4, 0 = 4*d + d + w*v - 22. List the prime factors of d.
2
Let g(y) = -y**2 - 10*y + 2. Let j(o) = -3*o**2 - o + 2. Let b be j(-2). What are the prime factors of g(b)?
2, 3
Let q be -8 + 5 + (1 - 0). Let m = 18 + q. What are the prime factors of m?
2
Let v(g) = -5*g + g**2 + 5*g - g. Let i be v(3). Let u = i + -4. List the prime factors of u.
2
What are the prime factors of 800/6 - 10/30?
7, 19
Suppose -4*b = -4*a - 24, -13 = 2*a - 5*b + 8. List the prime factors of 6 - ((-3)/a + 2).
3
Let r(z) = -z**3 + 14*z**2 + 7*z - 26. List the prime factors of r(14).
2, 3
Let l(w) be the first derivative of w**4/4 + 7*w**3/3 + 5*w**2/2 - 3*w - 1. What are the prime factors of l(-6)?
3
Let x(s) be the third derivative of 1/6*s**4 + 0*s - 1/60*s**5 + 2*s**2 + 0 - 1/120*s**6 + 1/2*s**3. What are the prime factors of x(-3)?
3
Let o(h) = -4*h + 18. What are the prime factors of o(-15)?
2, 3, 13
What are the prime factors of -1 + ((-20)/6)/((-32)/1392)?
2, 3
Let q = -11 + 15. What are the prime factors of q?
2
Suppose -3 = n - 2*n. Suppose 48 = -4*l + 5*p, -6*l + l = -n*p + 60. What are the prime factors of 56/l*(-6)/4?
7
Let q be (0 + (-4 - -1))/(-1). Let v = q - -29. What are the prime factors of v?
2
Let x = 8 + -22. Let s = x - -24. List the prime factors of s.
2, 5
Let x(h) = 14*h**2 + 4 - 4 - h. What are the prime factors of x(1)?
13
Let q(k) = k**2 - 3*k - 4. Let f be q(4). What are the prime factors of f + 4 - (4 + -33)?
3, 11
Suppose -8 = 7*i - 11*i. List the prime factors of 26 + i + -5 + 3.
2, 13
Suppose -4*d + 14 = 2*c, 2*d + 2*d + 16 = 0. Suppose q + 0*q = m - 4, 50 = -5*q - m. Let h = c + q. List the prime factors of h.
2, 3
List the prime factors of (-8 + 4)/((-1)/8).
2
Let i(s) = -4*s - 2. Let y be i(-1). Suppose y*d - 4*d = -16. What are the prime factors of d?
2
Let p(n) = n + 1. Let i be p(2). Let x be 8/12*i/(-2). What are the prime factors of -2*(x/1 - 2)?
2, 3
Let j(m) = 14*m**2 + 56*m - 59. Let u(y) = 5*y**2 + 19*y - 20. Let k(v) = 6*j(v) - 17*u(v). Let b be k(12). What are the prime factors of b + 7/2*2?
5
Let i = 14 - -22. List the prime factors of i.
2, 3
Suppose -4*n + 75 = -77. What are the prime factors of n?
2, 19
Suppose -l - 2*p = -4*l + 14, 2*p = 10. Suppose -2*m + 22 = l. List the prime factors of m.
7
Suppose h = -0*h + 2. Let v = h + 0. Suppose 0 = -5*a - 4*t + 13 + 59, 0 = v*t - 6. What are the prime factors of a?
2, 3
Suppose -12*h - 33 + 681 = 0. Wha